late the greatest common factor of 41932 and 239203.
953
Calculate the greatest common divisor of 11990 and 4707710.
1090
Calculate the greatest common divisor of 5544 and 920502.
198
Calculate the greatest common factor of 497 and 294021.
7
Calculate the greatest common factor of 585565809 and 207.
69
Calculate the highest common factor of 3125 and 16165125.
125
Calculate the greatest common divisor of 81810 and 1090.
10
Calculate the greatest common factor of 1604 and 45734852.
1604
Calculate the greatest common divisor of 271591845 and 60.
15
Calculate the greatest common divisor of 550 and 907918.
22
What is the greatest common factor of 241944 and 13942616?
4744
What is the greatest common divisor of 162 and 593636607?
81
Calculate the highest common divisor of 60425 and 14425.
25
Calculate the highest common divisor of 5124 and 34439868.
732
What is the greatest common divisor of 18 and 4015611?
9
Calculate the highest common factor of 1029084223 and 47.
47
What is the highest common factor of 432872183 and 29?
29
Calculate the greatest common divisor of 5773299 and 1288.
161
Calculate the highest common factor of 12865 and 9362.
31
What is the highest common divisor of 78952846 and 28?
14
What is the highest common divisor of 531967625 and 53?
53
Calculate the greatest common divisor of 17194 and 7858.
2
What is the highest common factor of 31818828 and 6?
6
What is the greatest common factor of 11837 and 11869129?
1691
Calculate the highest common divisor of 1734268 and 4145.
829
What is the highest common divisor of 76 and 325900084?
76
Calculate the highest common factor of 591478429 and 167.
167
Calculate the highest common factor of 4845 and 953553.
57
Calculate the greatest common factor of 840 and 962472.
168
What is the greatest common factor of 18414 and 2207448?
558
Calculate the highest common factor of 18544 and 44032.
16
Calculate the greatest common factor of 1838158 and 4046.
14
What is the highest common divisor of 125 and 185880175?
25
Calculate the highest common divisor of 1904445 and 945.
135
Calculate the highest common factor of 210 and 21020930.
70
What is the highest common divisor of 1458136274 and 34?
34
Calculate the highest common divisor of 9415056 and 240.
48
What is the greatest common factor of 161759000 and 208?
104
Calculate the greatest common factor of 6861 and 99.
3
What is the greatest common factor of 1116432984 and 4776?
4776
Calculate the greatest common divisor of 153612 and 242046.
306
Calculate the greatest common factor of 95 and 32049922.
19
Calculate the highest common factor of 498086 and 91664.
674
Calculate the highest common factor of 33492846 and 4.
2
What is the highest common factor of 408988 and 14300716?
6932
What is the highest common factor of 510963747 and 1258?
629
What is the greatest common factor of 5653257 and 3?
3
What is the highest common divisor of 69686966 and 3486?
166
What is the greatest common factor of 48893449 and 319?
319
What is the greatest common factor of 302804 and 6021332?
4964
What is the greatest common factor of 1870 and 3396430?
170
Calculate the highest common factor of 28395345 and 2235.
15
What is the greatest common divisor of 605 and 2191508?
11
Calculate the greatest common divisor of 132 and 68185344.
12
What is the highest common factor of 484908 and 53652?
204
Calculate the highest common divisor of 142478 and 392.
14
What is the highest common factor of 53 and 66931?
1
Calculate the highest common factor of 28923 and 5363.
31
What is the highest common divisor of 47696132 and 132?
44
Calculate the highest common factor of 80 and 1175825.
5
Calculate the highest common divisor of 1608 and 26256228.
804
What is the highest common divisor of 23026 and 77198?
58
Calculate the highest common divisor of 3279256 and 53162.
2798
Calculate the greatest common divisor of 4371978 and 23.
23
Calculate the greatest common factor of 120 and 722580.
60
What is the highest common factor of 260336412 and 132?
12
What is the greatest common divisor of 163 and 405675704?
163
Calculate the greatest common divisor of 117284 and 1072778.
218
Calculate the greatest common divisor of 495856 and 2992.
272
What is the highest common divisor of 54622 and 14777894?
1762
Calculate the greatest common divisor of 1080 and 714823920.
1080
What is the highest common factor of 2753536 and 50176?
1024
What is the greatest common divisor of 31342540 and 110?
10
What is the greatest common factor of 8144 and 92506?
2
Calculate the greatest common divisor of 37 and 851904169.
37
What is the greatest common factor of 33030 and 426687045?
5505
What is the greatest common divisor of 350 and 230253?
1
What is the highest common factor of 24093010 and 40?
10
Calculate the highest common divisor of 313248 and 12636.
156
What is the highest common divisor of 650 and 438734270?
130
Calculate the highest common divisor of 63842 and 166592.
274
Calculate the greatest common divisor of 33399 and 1635314.
1237
What is the highest common divisor of 11682 and 23056374?
3894
What is the greatest common factor of 43600 and 191404?
436
Calculate the highest common divisor of 3801 and 501008.
181
Calculate the highest common factor of 765135 and 359415.
2205
Calculate the highest common divisor of 10 and 8717536.
2
Calculate the highest common divisor of 73971398 and 142304.
8894
Calculate the greatest common factor of 30330 and 9951610.
3370
Calculate the greatest common factor of 2533 and 13474368.
149
Calculate the highest common divisor of 562 and 148.
2
Calculate the highest common factor of 313060423 and 174.
29
Calculate the greatest common factor of 24154325 and 17745.
845
What is the highest common divisor of 1256535 and 103995?
45
What is the greatest common factor of 26237720 and 40?
40
Calculate the highest common factor of 67974 and 388392107.
11329
Calculate the highest common divisor of 279604 and 728.
52
Calculate the greatest common divisor of 26841 and 4608993.
69
Calculate the greatest common factor of 21292371 and 840411.
5877
Calculate the highest common factor of 18619749 and 5102.
2551
Calculate the highest common factor of 18256449 and 21423.
579
Calculate the highest common factor of 5146 and 225262.
166
Calculate the highest common factor of 10 and 2680476.
2
What is the highest common factor of 1811187 and 167874?
147
Calculate the greatest common factor of 3212730 and 466017.
489
Calculate the highest common factor of 6556 and 180375228.
6556
What is the greatest common factor of 3812095 and 17500?
35
Calculate the highest common factor of 975 and 1512849.
39
What is the greatest common factor of 618823 and 4?
1
What is the greatest common divisor of 296608 and 536?
8
What is the highest common factor of 385 and 345310?
35
What is the highest common factor of 18930708 and 1116?
1116
What is the highest common divisor of 242969789 and 778?
389
What is the highest common factor of 3392 and 1213594?
106
Calculate the greatest common divisor of 1873235499 and 11793.
11793
Calculate the highest common divisor of 38 and 358822277.
19
What is the highest common factor of 1421392 and 9176?
296
What is the greatest common factor of 3808 and 239122?
34
What is the greatest common factor of 23810 and 11530?
10
What is the greatest common factor of 25941591 and 1287?
117
What is the highest common divisor of 15845 and 59105?
5
Calculate the highest common divisor of 75456516 and 1416.
708
What is the highest common factor of 19734 and 10804794?
858
Calculate the highest common divisor of 2393896328 and 8.
8
What is the highest common divisor of 70 and 1252780?
10
Calculate the highest common factor of 27031940 and 130.
130
What is the greatest common factor of 18198472 and 8?
8
What is the greatest common divisor of 3327170 and 5075?
1015
What is the greatest common factor of 53467 and 2645029?
127
What is the greatest common divisor of 7014775 and 75?
25
What is the greatest common divisor of 17280 and 38320?
80
What is the highest common factor of 31480710 and 2220?
1110
What is the greatest common divisor of 822721679 and 7923?
2641
Calculate the highest common factor of 1201807 and 155926.
1471
What is the greatest common factor of 93984 and 1234964?
356
Calculate the grea